{"id":413,"date":"2020-06-09T07:57:17","date_gmt":"2020-06-09T07:57:17","guid":{"rendered":"http:\/\/frankenbach.bibibo.info\/?page_id=413"},"modified":"2026-01-04T10:51:23","modified_gmt":"2026-01-04T09:51:23","slug":"dorfnachrichten","status":"publish","type":"page","link":"https:\/\/frankenbach.bibibo.info\/?page_id=413","title":{"rendered":"Dorfnews"},"content":{"rendered":"\n<p>Hier wird alles ver\u00f6ffentlicht, was in unserem sch\u00f6nen Frankenbach so los ist. Von Festen bis zu Arbeitseins\u00e4tzen usw. kann berichtet werden. <\/p>\n\n\n\n<figure class=\"wp-block-gallery has-nested-images columns-default is-cropped wp-block-gallery-1 is-layout-flex wp-block-gallery-is-layout-flex\">\n<figure class=\"wp-block-image size-large\"><img loading=\"lazy\" decoding=\"async\" width=\"1024\" height=\"1024\" data-id=\"30103\" src=\"https:\/\/frankenbach.bibibo.info\/wp-content\/uploads\/2026\/01\/2025-1024x1024.png\" alt=\"\" class=\"wp-image-30103\" srcset=\"https:\/\/frankenbach.bibibo.info\/wp-content\/uploads\/2026\/01\/2025-1024x1024.png 1024w, https:\/\/frankenbach.bibibo.info\/wp-content\/uploads\/2026\/01\/2025-300x300.png 300w, https:\/\/frankenbach.bibibo.info\/wp-content\/uploads\/2026\/01\/2025-150x150.png 150w, https:\/\/frankenbach.bibibo.info\/wp-content\/uploads\/2026\/01\/2025-768x768.png 768w, https:\/\/frankenbach.bibibo.info\/wp-content\/uploads\/2026\/01\/2025-100x100.png 100w, https:\/\/frankenbach.bibibo.info\/wp-content\/uploads\/2026\/01\/2025.png 1080w\" sizes=\"auto, (max-width: 1024px) 100vw, 1024px\" \/><figcaption class=\"wp-element-caption\"><strong><a href=\"https:\/\/frankenbach.bibibo.info\/?page_id=30101\" target=\"_blank\" rel=\"noreferrer noopener\">\u00dcbersicht Beitr\u00e4ge 2025<\/a><\/strong><\/figcaption><\/figure>\n\n\n\n<figure class=\"wp-block-image size-large\"><img loading=\"lazy\" decoding=\"async\" width=\"276\" height=\"183\" data-id=\"26391\" src=\"https:\/\/frankenbach.bibibo.info\/wp-content\/uploads\/2025\/02\/2024-pxhere.jpeg\" alt=\"\" class=\"wp-image-26391\" srcset=\"https:\/\/frankenbach.bibibo.info\/wp-content\/uploads\/2025\/02\/2024-pxhere.jpeg 276w, https:\/\/frankenbach.bibibo.info\/wp-content\/uploads\/2025\/02\/2024-pxhere-120x80.jpeg 120w\" sizes=\"auto, (max-width: 276px) 100vw, 276px\" \/><figcaption class=\"wp-element-caption\"><strong><a href=\"https:\/\/frankenbach.bibibo.info\/?page_id=26389\" target=\"_blank\" rel=\"noreferrer noopener\">\u00dcbersicht Beitr\u00e4ge 2024<\/a><\/strong><\/figcaption><\/figure>\n\n\n\n<figure class=\"wp-block-image size-large\"><img loading=\"lazy\" decoding=\"async\" width=\"1024\" height=\"768\" data-id=\"22196\" src=\"https:\/\/frankenbach.bibibo.info\/wp-content\/uploads\/2024\/01\/2023-pexels-1024x768.jpeg\" alt=\"\" class=\"wp-image-22196\" srcset=\"https:\/\/frankenbach.bibibo.info\/wp-content\/uploads\/2024\/01\/2023-pexels-1024x768.jpeg 1024w, https:\/\/frankenbach.bibibo.info\/wp-content\/uploads\/2024\/01\/2023-pexels-300x225.jpeg 300w, https:\/\/frankenbach.bibibo.info\/wp-content\/uploads\/2024\/01\/2023-pexels-768x576.jpeg 768w, https:\/\/frankenbach.bibibo.info\/wp-content\/uploads\/2024\/01\/2023-pexels-1536x1152.jpeg 1536w, https:\/\/frankenbach.bibibo.info\/wp-content\/uploads\/2024\/01\/2023-pexels-2048x1536.jpeg 2048w\" sizes=\"auto, (max-width: 1024px) 100vw, 1024px\" \/><figcaption class=\"wp-element-caption\"><strong><a href=\"https:\/\/frankenbach.bibibo.info\/?page_id=22195\" target=\"_blank\" rel=\"noreferrer noopener\">\u00dcbersicht Beitr\u00e4ge 2023<\/a><\/strong><\/figcaption><\/figure>\n\n\n\n<figure class=\"wp-block-image size-large\"><img loading=\"lazy\" decoding=\"async\" width=\"300\" height=\"168\" data-id=\"17894\" src=\"https:\/\/frankenbach.bibibo.info\/wp-content\/uploads\/2023\/01\/2022-pixabay.jpg\" alt=\"\" class=\"wp-image-17894\"\/><figcaption class=\"wp-element-caption\"><strong><a href=\"https:\/\/frankenbach.bibibo.info\/?page_id=17891\" target=\"_blank\" rel=\"noreferrer noopener\">\u00dcbersicht Beitr\u00e4ge 2022<\/a><\/strong><\/figcaption><\/figure>\n\n\n\n<figure class=\"wp-block-image size-large\"><img loading=\"lazy\" decoding=\"async\" width=\"300\" height=\"168\" data-id=\"12470\" src=\"https:\/\/frankenbach.bibibo.info\/wp-content\/uploads\/2021\/12\/2021-pixabay.jpg\" alt=\"\" class=\"wp-image-12470\"\/><figcaption class=\"wp-element-caption\"><strong><a href=\"https:\/\/frankenbach.bibibo.info\/?page_id=12472\" target=\"_blank\" rel=\"noreferrer noopener\">\u00dcbersicht Beitr\u00e4ge 2021<\/a><\/strong><\/figcaption><\/figure>\n\n\n\n<figure class=\"wp-block-image size-large\"><img loading=\"lazy\" decoding=\"async\" width=\"275\" height=\"183\" data-id=\"12453\" src=\"https:\/\/frankenbach.bibibo.info\/wp-content\/uploads\/2021\/12\/2020ccnull.jpg\" alt=\"\" class=\"wp-image-12453\" srcset=\"https:\/\/frankenbach.bibibo.info\/wp-content\/uploads\/2021\/12\/2020ccnull.jpg 275w, https:\/\/frankenbach.bibibo.info\/wp-content\/uploads\/2021\/12\/2020ccnull-120x80.jpg 120w\" sizes=\"auto, (max-width: 275px) 100vw, 275px\" \/><figcaption class=\"wp-element-caption\"><strong><a href=\"https:\/\/frankenbach.bibibo.info\/?page_id=12452\" target=\"_blank\" rel=\"noreferrer noopener\">\u00dcbersicht Beitr\u00e4ge 2020<\/a><\/strong><\/figcaption><\/figure>\n<\/figure>\n\n\n\n<p><\/p>\n<div class=\"gsp_post_data\" \r\n\t            data-post_type=\"page\" \r\n\t            data-cat=\"\" \r\n\t            data-modified=\"120\"\r\n\t            data-created=\"1591689437\"\r\n\t            data-title=\"Dorfnews\" \r\n\t            data-home=\"https:\/\/frankenbach.bibibo.info\"><\/div>","protected":false},"excerpt":{"rendered":"<p>Hier wird alles ver\u00f6ffentlicht, was in unserem sch\u00f6nen Frankenbach so los ist. Von Festen bis zu Arbeitseins\u00e4tzen usw. kann berichtet werden.<\/p>\n","protected":false},"author":2,"featured_media":0,"parent":0,"menu_order":0,"comment_status":"closed","ping_status":"closed","template":"","meta":{"footnotes":""},"class_list":["post-413","page","type-page","status-publish","hentry"],"_links":{"self":[{"href":"https:\/\/frankenbach.bibibo.info\/index.php?rest_route=\/wp\/v2\/pages\/413","targetHints":{"allow":["GET"]}}],"collection":[{"href":"https:\/\/frankenbach.bibibo.info\/index.php?rest_route=\/wp\/v2\/pages"}],"about":[{"href":"https:\/\/frankenbach.bibibo.info\/index.php?rest_route=\/wp\/v2\/types\/page"}],"author":[{"embeddable":true,"href":"https:\/\/frankenbach.bibibo.info\/index.php?rest_route=\/wp\/v2\/users\/2"}],"replies":[{"embeddable":true,"href":"https:\/\/frankenbach.bibibo.info\/index.php?rest_route=%2Fwp%2Fv2%2Fcomments&post=413"}],"version-history":[{"count":2,"href":"https:\/\/frankenbach.bibibo.info\/index.php?rest_route=\/wp\/v2\/pages\/413\/revisions"}],"predecessor-version":[{"id":30108,"href":"https:\/\/frankenbach.bibibo.info\/index.php?rest_route=\/wp\/v2\/pages\/413\/revisions\/30108"}],"wp:attachment":[{"href":"https:\/\/frankenbach.bibibo.info\/index.php?rest_route=%2Fwp%2Fv2%2Fmedia&parent=413"}],"curies":[{"name":"wp","href":"https:\/\/api.w.org\/{rel}","templated":true}]}}