{"id":460,"date":"2020-05-20T18:03:37","date_gmt":"2020-05-20T16:03:37","guid":{"rendered":"http:\/\/religionen.biebertaler-bilderbogen.de\/?page_id=460"},"modified":"2022-04-14T17:54:40","modified_gmt":"2022-04-14T15:54:40","slug":"warum-laesst-gott-das-zu-serie","status":"publish","type":"page","link":"https:\/\/frankenbach.bibibo.info\/?page_id=460","title":{"rendered":"Warum l\u00e4\u00dft Gott das zu?  (Serie)"},"content":{"rendered":"\n<div class=\"wp-block-image\"><figure class=\"aligncenter size-large is-resized\"><img loading=\"lazy\" decoding=\"async\" src=\"https:\/\/religionen.biebertaler-bilderbogen.de\/wp-content\/uploads\/2020\/05\/Gedenken-gegen-Anschl\u00e4ge.jpg\" alt=\"\" class=\"wp-image-493\" width=\"710\" height=\"330\"\/><figcaption><strong>Gedenken gegen terroristische Anschl\u00e4ge,<br> Foto <a rel=\"noreferrer noopener\" href=\"https:\/\/www.ekhn.de\/aktuell\/nachrichten\/frieden-statt-gewalt\/warum-laesst-gott-das-zu.html\" target=\"_blank\">https:\/\/www.ekhn.de\/aktuell\/nachrichten\/frieden-statt-gewalt\/warum-laesst-gott-das-zu.html<\/a><\/strong><\/figcaption><\/figure><\/div>\n\n\n\n<p><strong>Folgende 4 Teile sind dazu erschienen:<\/strong><\/p>\n\n\n\n<p><strong>Teil 1: <a rel=\"noreferrer noopener\" href=\"http:\/\/frankenbach.bibibo.info\/warum-laesst-gott-das-zu-teil-1\/\" target=\"_blank\">Ein provozierender Glaube &amp; ein Gott unter Anklage<\/a><\/strong><br><strong>Teil 2: <a rel=\"noreferrer noopener\" href=\"http:\/\/frankenbach.bibibo.info\/warum-laesst-gott-das-zu-teil2\/\" target=\"_blank\">Der gro\u00dfe Unterschied \u2013 oder das metaphysische \u00dcbel<\/a><\/strong><br><strong>Teil 3:<\/strong> <strong><a rel=\"noreferrer noopener\" href=\"http:\/\/frankenbach.bibibo.info\/warum-laesst-gott-das-zu-teil-3\/\" target=\"_blank\">Der Preis der Freiheit<\/a><\/strong><br><strong>Teil 4:<\/strong> <strong><a href=\"http:\/\/frankenbach.bibibo.info\/warum-laesst-gott-da-zu-teil-4\/\" target=\"_blank\" rel=\"noreferrer noopener\">Der Weg geh\u00f6rt zum Ziel oder das physische \u00dcbel<\/a><\/strong><br><\/p>\n<div class=\"gsp_post_data\" \r\n\t            data-post_type=\"page\" \r\n\t            data-cat=\"\" \r\n\t            data-modified=\"120\"\r\n\t            data-created=\"1589997817\"\r\n\t            data-title=\"Warum l\u00e4\u00dft Gott das zu?  (Serie)\" \r\n\t            data-home=\"https:\/\/frankenbach.bibibo.info\"><\/div>","protected":false},"excerpt":{"rendered":"<p>Folgende 4 Teile sind dazu erschienen: Teil 1: Ein provozierender Glaube &amp; ein Gott unter AnklageTeil 2: Der gro\u00dfe Unterschied \u2013 oder das metaphysische \u00dcbelTeil 3: Der Preis der FreiheitTeil 4: Der Weg geh\u00f6rt zum Ziel oder das physische \u00dcbel<\/p>\n","protected":false},"author":1,"featured_media":0,"parent":0,"menu_order":0,"comment_status":"closed","ping_status":"closed","template":"","meta":{"footnotes":""},"class_list":["post-460","page","type-page","status-publish","hentry"],"_links":{"self":[{"href":"https:\/\/frankenbach.bibibo.info\/index.php?rest_route=\/wp\/v2\/pages\/460","targetHints":{"allow":["GET"]}}],"collection":[{"href":"https:\/\/frankenbach.bibibo.info\/index.php?rest_route=\/wp\/v2\/pages"}],"about":[{"href":"https:\/\/frankenbach.bibibo.info\/index.php?rest_route=\/wp\/v2\/types\/page"}],"author":[{"embeddable":true,"href":"https:\/\/frankenbach.bibibo.info\/index.php?rest_route=\/wp\/v2\/users\/1"}],"replies":[{"embeddable":true,"href":"https:\/\/frankenbach.bibibo.info\/index.php?rest_route=%2Fwp%2Fv2%2Fcomments&post=460"}],"version-history":[{"count":0,"href":"https:\/\/frankenbach.bibibo.info\/index.php?rest_route=\/wp\/v2\/pages\/460\/revisions"}],"wp:attachment":[{"href":"https:\/\/frankenbach.bibibo.info\/index.php?rest_route=%2Fwp%2Fv2%2Fmedia&parent=460"}],"curies":[{"name":"wp","href":"https:\/\/api.w.org\/{rel}","templated":true}]}}